{"id":316,"date":"2019-06-16T11:15:03","date_gmt":"2019-06-16T11:15:03","guid":{"rendered":"https:\/\/www.kulttuurikolari.fi\/?page_id=316"},"modified":"2019-06-21T11:01:38","modified_gmt":"2019-06-21T11:01:38","slug":"luoteis-lapin-mc-co-kulkue","status":"publish","type":"page","link":"https:\/\/www.kulttuurikolari.fi\/?page_id=316","title":{"rendered":"Luoteis \u2013 Lapin MC &#038; Co kulkue"},"content":{"rendered":"\n<div class=\"wp-block-cover has-background-dim\" style=\"background-image:url(https:\/\/www.kulttuurikolari.fi\/wp-content\/uploads\/2019\/06\/kolari_kes\u00e4kolari-6.jpg);background-position:51.5% 76.86567164179104%\"><div class=\"wp-block-cover__inner-container is-layout-flow wp-block-cover-is-layout-flow\">\n<p style=\"text-align:center\" class=\"has-large-font-size\">Luoteis \u2013 Lapin MC &amp; Co kulkue<\/p>\n<\/div><\/div>\n\n\n\n<h3 class=\"wp-block-heading\">Lauantaina 29.6<\/h3>\n\n\n\n<h4 class=\"wp-block-heading\">Kello: 15.00<br>Jokijalantie 65 (Kulkue ajaa l\u00e4pi Kolarin kirkonkyl\u00e4n)<\/h4>\n\n\n\n<p>Huippusuosion aiemmissa KulttuuriKolari-tapahtumissa saavuttanut Luoteis-Lapin MC &amp; Co -kulkue p\u00e4ristelee j\u00e4lleen! Kyseess\u00e4 on upea ajoneuvokulkue, jossa moottoripy\u00f6r\u00e4t ja muut menopelit ohittavat juhlapaikan Kolarin kirkonkyl\u00e4ll\u00e4. Luoteis-Lapin MC &amp; Co on lappilainen moottoripy\u00f6r\u00e4kerho.<\/p>\n\n\n\n<p class=\"has-text-color has-vivid-cyan-blue-color\"><a href=\"https:\/\/fi-fi.facebook.com\/pages\/category\/Nonprofit-Organization\/Luoteis-Lapin-Mc-673516859495620\/\">Lis\u00e4\u00e4 tunnelmaa l\u00f6yd\u00e4t Luoteis-Lapin MC:n Facebooksivulta.<\/a><\/p>\n\n\n\n<div class=\"wp-block-image\"><figure class=\"aligncenter is-resized\"><img loading=\"lazy\" decoding=\"async\" src=\"https:\/\/www.kulttuurikolari.fi\/wp-content\/uploads\/2019\/05\/kolari_kes\u00e4kolari-5-1-1024x683.jpg\" alt=\"\" class=\"wp-image-131\" width=\"1024\" height=\"683\" srcset=\"https:\/\/www.kulttuurikolari.fi\/wp-content\/uploads\/2019\/05\/kolari_kes\u00e4kolari-5-1-1024x683.jpg 1024w, https:\/\/www.kulttuurikolari.fi\/wp-content\/uploads\/2019\/05\/kolari_kes\u00e4kolari-5-1-300x200.jpg 300w, https:\/\/www.kulttuurikolari.fi\/wp-content\/uploads\/2019\/05\/kolari_kes\u00e4kolari-5-1-768x512.jpg 768w\" sizes=\"auto, (max-width: 1024px) 100vw, 1024px\" \/><\/figure><\/div>\n\n\n\n<div class=\"wp-block-image\"><figure class=\"aligncenter is-resized\"><img loading=\"lazy\" decoding=\"async\" src=\"https:\/\/www.kulttuurikolari.fi\/wp-content\/uploads\/2019\/06\/kolari_kes\u00e4kolari-14-1024x683.jpg\" alt=\"\" class=\"wp-image-411\" width=\"1024\" height=\"683\" srcset=\"https:\/\/www.kulttuurikolari.fi\/wp-content\/uploads\/2019\/06\/kolari_kes\u00e4kolari-14-1024x683.jpg 1024w, https:\/\/www.kulttuurikolari.fi\/wp-content\/uploads\/2019\/06\/kolari_kes\u00e4kolari-14-300x200.jpg 300w, https:\/\/www.kulttuurikolari.fi\/wp-content\/uploads\/2019\/06\/kolari_kes\u00e4kolari-14-768x512.jpg 768w\" sizes=\"auto, (max-width: 1024px) 100vw, 1024px\" \/><\/figure><\/div>\n","protected":false},"excerpt":{"rendered":"<p>Lauantaina 29.6 Kello: 15.00Jokijalantie 65 (Kulkue ajaa l\u00e4pi Kolarin kirkonkyl\u00e4n) Huippusuosion aiemmissa KulttuuriKolari-tapahtumissa saavuttanut Luoteis-Lapin MC &amp; Co -kulkue p\u00e4ristelee j\u00e4lleen! Kyseess\u00e4 on upea ajoneuvokulkue, jossa moottoripy\u00f6r\u00e4t ja muut menopelit ohittavat juhlapaikan Kolarin kirkonkyl\u00e4ll\u00e4. Luoteis-Lapin MC &amp; Co on lappilainen moottoripy\u00f6r\u00e4kerho. Lis\u00e4\u00e4 tunnelmaa l\u00f6yd\u00e4t Luoteis-Lapin MC:n Facebooksivulta.<\/p>\n","protected":false},"author":2,"featured_media":0,"parent":0,"menu_order":0,"comment_status":"closed","ping_status":"closed","template":"","meta":{"footnotes":""},"class_list":["post-316","page","type-page","status-publish"],"_links":{"self":[{"href":"https:\/\/www.kulttuurikolari.fi\/index.php?rest_route=\/wp\/v2\/pages\/316","targetHints":{"allow":["GET"]}}],"collection":[{"href":"https:\/\/www.kulttuurikolari.fi\/index.php?rest_route=\/wp\/v2\/pages"}],"about":[{"href":"https:\/\/www.kulttuurikolari.fi\/index.php?rest_route=\/wp\/v2\/types\/page"}],"author":[{"embeddable":true,"href":"https:\/\/www.kulttuurikolari.fi\/index.php?rest_route=\/wp\/v2\/users\/2"}],"replies":[{"embeddable":true,"href":"https:\/\/www.kulttuurikolari.fi\/index.php?rest_route=%2Fwp%2Fv2%2Fcomments&post=316"}],"version-history":[{"count":11,"href":"https:\/\/www.kulttuurikolari.fi\/index.php?rest_route=\/wp\/v2\/pages\/316\/revisions"}],"predecessor-version":[{"id":817,"href":"https:\/\/www.kulttuurikolari.fi\/index.php?rest_route=\/wp\/v2\/pages\/316\/revisions\/817"}],"wp:attachment":[{"href":"https:\/\/www.kulttuurikolari.fi\/index.php?rest_route=%2Fwp%2Fv2%2Fmedia&parent=316"}],"curies":[{"name":"wp","href":"https:\/\/api.w.org\/{rel}","templated":true}]}}