{"id":32,"date":"2019-05-22T14:15:46","date_gmt":"2019-05-22T14:15:46","guid":{"rendered":"https:\/\/www.kulttuurikolari.fi\/?page_id=32"},"modified":"2019-06-27T06:00:15","modified_gmt":"2019-06-27T06:00:15","slug":"__trashed-7","status":"publish","type":"page","link":"https:\/\/www.kulttuurikolari.fi\/?page_id=32","title":{"rendered":"Tapahtumapaikat"},"content":{"rendered":"\n<figure class=\"wp-block-image\"><img loading=\"lazy\" decoding=\"async\" width=\"1024\" height=\"576\" src=\"https:\/\/www.kulttuurikolari.fi\/wp-content\/uploads\/2019\/06\/My-Post-7-1024x576.png\" alt=\"\" class=\"wp-image-506\" srcset=\"https:\/\/www.kulttuurikolari.fi\/wp-content\/uploads\/2019\/06\/My-Post-7-1024x576.png 1024w, https:\/\/www.kulttuurikolari.fi\/wp-content\/uploads\/2019\/06\/My-Post-7-300x169.png 300w, https:\/\/www.kulttuurikolari.fi\/wp-content\/uploads\/2019\/06\/My-Post-7-768x432.png 768w\" sizes=\"auto, (max-width: 1024px) 100vw, 1024px\" \/><\/figure>\n\n\n\n<h2 class=\"wp-block-heading\">Tapahtumapaikat<\/h2>\n\n\n\n<h4 class=\"wp-block-heading\">P\u00e4\u00e4tapahtumapaikka<\/h4>\n\n\n\n<p>KulttuuriKolarin ohjelmanumeroiden p\u00e4\u00e4paikka on Kolarin kirkonkyl\u00e4ll\u00e4 osoitteessa <strong>Kauppakuja 2, 95900 Kolari<\/strong>. (Kyseess\u00e4 on entinen Alkon tila entisen Valintatalon yhteydess\u00e4).<\/p>\n\n\n\n<p class=\"has-text-color has-vivid-cyan-blue-color\"><a href=\"https:\/\/www.google.com\/maps\/place\/Stora+Enso+Oyj\/@67.3311551,23.77981,17z\/data=!4m13!1m7!3m6!1s0x45d38d44fadec64d:0x16683e1a07200dc1!2sKauppakuja,+95900+Kolari!3b1!8m2!3d67.3316062!4d23.7795291!3m4!1s0x0:0x10e9890109e6a7f4!8m2!3d67.3311578!4d23.7789919\">Katso p\u00e4\u00e4tapahtumapaikan sijainti kartalla.<\/a><\/p>\n\n\n\n<div class=\"wp-block-image\"><figure class=\"aligncenter is-resized\"><img loading=\"lazy\" decoding=\"async\" src=\"https:\/\/www.kulttuurikolari.fi\/wp-content\/uploads\/2019\/06\/kolari_kyl\u00e4-takakuva-1024x369.jpg\" alt=\"\" class=\"wp-image-341\" width=\"768\" height=\"277\" srcset=\"https:\/\/www.kulttuurikolari.fi\/wp-content\/uploads\/2019\/06\/kolari_kyl\u00e4-takakuva-1024x369.jpg 1024w, https:\/\/www.kulttuurikolari.fi\/wp-content\/uploads\/2019\/06\/kolari_kyl\u00e4-takakuva-300x108.jpg 300w, https:\/\/www.kulttuurikolari.fi\/wp-content\/uploads\/2019\/06\/kolari_kyl\u00e4-takakuva-768x277.jpg 768w\" sizes=\"auto, (max-width: 768px) 100vw, 768px\" \/><figcaption> Kuva: Pete Huttunen<br> Kolarin kunta \/ Leader Tunturi-Lappi ry  <\/figcaption><\/figure><\/div>\n\n\n\n<h3 class=\"wp-block-heading\">Muut tapahtumapaikat<\/h3>\n\n\n\n<h4 class=\"wp-block-heading\">Willa Korva &#8211; Sammalvaara<\/h4>\n\n\n\n<p>Kaksi ohjelmanumeroista j\u00e4rjestet\u00e4\u00e4n Kolarin Sammalvaarassa sijaitsevassa Willa Korvassa.  Sunnuntaina 30.6. tapahtuvaan taitelijatapaamiseen j\u00e4rjestet\u00e4\u00e4n yhteinen bussikuljetus Kolarin kirkonkyl\u00e4lt\u00e4 Jokijala 65 edest\u00e4 kello 16.30. Tapaaminen alkaa kello 17. Taiteilijaresidenssiin on avoimet ovet maanantaina 1.7. sek\u00e4 tiistaina 2.7., jolloin paikalle saavutaan omilla kyydeill\u00e4. <\/p>\n\n\n\n<p class=\"has-text-color has-vivid-cyan-blue-color\"><a href=\"https:\/\/www.google.com\/maps\/place\/Willa+Korva\/@67.0417624,23.4674344,9z\/data=!4m5!3m4!1s0x45d4794bdab5d24b:0x24b7be5d7585d1dd!8m2!3d67.0414323!4d24.0277638\">Willa Korvan sijainti kartalla<\/a><\/p>\n\n\n\n<h4 class=\"wp-block-heading\">Kolarinsaaren kirkko<\/h4>\n\n\n\n<p>Sunnuntaina 30.6. paikkansa Kolarinsaaren kirkossa ottaa messu. Lis\u00e4ksi Kolarinsaaren kirkossa j\u00e4rjestet\u00e4\u00e4n maanantaina 1.7. Dansa-esitys. Osoite on Siltatie 4, 95900 Kolari.<\/p>\n\n\n\n<p class=\"has-text-color has-vivid-cyan-blue-color\"><a href=\"https:\/\/www.google.com\/maps\/place\/Kolarinsaari+Church\/@67.335832,23.7814346,17z\/data=!3m1!4b1!4m5!3m4!1s0x45d38d5afd81c7d5:0x5abaf8c81fb5bf3!8m2!3d67.3358299!4d23.7836286\">Kolarinsaaren kirkko kartalla<\/a><\/p>\n\n\n\n<figure class=\"wp-block-image\"><img loading=\"lazy\" decoding=\"async\" width=\"731\" height=\"1024\" src=\"https:\/\/www.kulttuurikolari.fi\/wp-content\/uploads\/2019\/05\/kolari_kirkko-731x1024.jpg\" alt=\"\" class=\"wp-image-158\" srcset=\"https:\/\/www.kulttuurikolari.fi\/wp-content\/uploads\/2019\/05\/kolari_kirkko-731x1024.jpg 731w, https:\/\/www.kulttuurikolari.fi\/wp-content\/uploads\/2019\/05\/kolari_kirkko-214x300.jpg 214w, https:\/\/www.kulttuurikolari.fi\/wp-content\/uploads\/2019\/05\/kolari_kirkko-768x1075.jpg 768w\" sizes=\"auto, (max-width: 731px) 100vw, 731px\" \/><figcaption>Kuva: Pete Huttunen<br> Kolarin kunta \/ Leader Tunturi-Lappi ry <\/figcaption><\/figure>\n\n\n\n<h4 class=\"wp-block-heading\">Myllyojan puisto<\/h4>\n\n\n\n<p>Torstaina 4.7. lastenteatteriesitys Teatteri Tien esitt\u00e4m\u00e4n\u00e4 ottaa paikkansa Kolarin Myllyojan puistossa. Myllyojan puisto on Kolarinsaareen k\u00e4\u00e4ntyv\u00e4n sillan kupeessa, Jokijalantielt\u00e4 k\u00e4\u00e4ntyv\u00e4n Siltatien alussa ennen siltaa.<\/p>\n\n\n\n<div class=\"wp-block-image\"><figure class=\"aligncenter\"><img loading=\"lazy\" decoding=\"async\" width=\"1024\" height=\"683\" src=\"https:\/\/www.kulttuurikolari.fi\/wp-content\/uploads\/2019\/06\/kolari_myllyojanpuisto-1024x683.jpg\" alt=\"\" class=\"wp-image-868\" srcset=\"https:\/\/www.kulttuurikolari.fi\/wp-content\/uploads\/2019\/06\/kolari_myllyojanpuisto-1024x683.jpg 1024w, https:\/\/www.kulttuurikolari.fi\/wp-content\/uploads\/2019\/06\/kolari_myllyojanpuisto-300x200.jpg 300w, https:\/\/www.kulttuurikolari.fi\/wp-content\/uploads\/2019\/06\/kolari_myllyojanpuisto-768x512.jpg 768w\" sizes=\"auto, (max-width: 1024px) 100vw, 1024px\" \/><figcaption>Kolarin kirkonkyl\u00e4n vieress\u00e4 sijaitseva Myllyojan puisto.<br> Kuva: Pete Huttunen<br> Kolarin kunta \/ Leader Tunturi-Lappi ry  <\/figcaption><\/figure><\/div>\n","protected":false},"excerpt":{"rendered":"<p>Tapahtumapaikat P\u00e4\u00e4tapahtumapaikka KulttuuriKolarin ohjelmanumeroiden p\u00e4\u00e4paikka on Kolarin kirkonkyl\u00e4ll\u00e4 osoitteessa Kauppakuja 2, 95900 Kolari. (Kyseess\u00e4 on entinen Alkon tila entisen Valintatalon yhteydess\u00e4). Katso p\u00e4\u00e4tapahtumapaikan sijainti kartalla. Muut tapahtumapaikat Willa Korva &#8211; Sammalvaara Kaksi ohjelmanumeroista j\u00e4rjestet\u00e4\u00e4n Kolarin Sammalvaarassa sijaitsevassa Willa Korvassa. Sunnuntaina 30.6. tapahtuvaan taitelijatapaamiseen j\u00e4rjestet\u00e4\u00e4n yhteinen bussikuljetus Kolarin kirkonkyl\u00e4lt\u00e4 Jokijala 65 edest\u00e4 kello 16.30. Tapaaminen alkaa kello 17. Taiteilijaresidenssiin on avoimet ovet maanantaina 1.7. sek\u00e4 tiistaina 2.7., jolloin paikalle saavutaan omilla kyydeill\u00e4. Willa Korvan sijainti kartalla Kolarinsaaren kirkko Sunnuntaina 30.6. paikkansa Kolarinsaaren kirkossa ottaa messu. Lis\u00e4ksi Kolarinsaaren kirkossa j\u00e4rjestet\u00e4\u00e4n maanantaina 1.7. Dansa-esitys. Osoite on Siltatie 4, 95900 Kolari. Kolarinsaaren kirkko kartalla Myllyojan puisto Torstaina 4.7. lastenteatteriesitys Teatteri Tien esitt\u00e4m\u00e4n\u00e4 ottaa paikkansa Kolarin Myllyojan puistossa. Myllyojan puisto on Kolarinsaareen k\u00e4\u00e4ntyv\u00e4n sillan kupeessa, Jokijalantielt\u00e4 k\u00e4\u00e4ntyv\u00e4n Siltatien alussa ennen siltaa.<\/p>\n","protected":false},"author":2,"featured_media":0,"parent":0,"menu_order":0,"comment_status":"closed","ping_status":"closed","template":"","meta":{"footnotes":""},"class_list":["post-32","page","type-page","status-publish"],"_links":{"self":[{"href":"https:\/\/www.kulttuurikolari.fi\/index.php?rest_route=\/wp\/v2\/pages\/32","targetHints":{"allow":["GET"]}}],"collection":[{"href":"https:\/\/www.kulttuurikolari.fi\/index.php?rest_route=\/wp\/v2\/pages"}],"about":[{"href":"https:\/\/www.kulttuurikolari.fi\/index.php?rest_route=\/wp\/v2\/types\/page"}],"author":[{"embeddable":true,"href":"https:\/\/www.kulttuurikolari.fi\/index.php?rest_route=\/wp\/v2\/users\/2"}],"replies":[{"embeddable":true,"href":"https:\/\/www.kulttuurikolari.fi\/index.php?rest_route=%2Fwp%2Fv2%2Fcomments&post=32"}],"version-history":[{"count":17,"href":"https:\/\/www.kulttuurikolari.fi\/index.php?rest_route=\/wp\/v2\/pages\/32\/revisions"}],"predecessor-version":[{"id":936,"href":"https:\/\/www.kulttuurikolari.fi\/index.php?rest_route=\/wp\/v2\/pages\/32\/revisions\/936"}],"wp:attachment":[{"href":"https:\/\/www.kulttuurikolari.fi\/index.php?rest_route=%2Fwp%2Fv2%2Fmedia&parent=32"}],"curies":[{"name":"wp","href":"https:\/\/api.w.org\/{rel}","templated":true}]}}