{"id":452,"date":"2019-06-16T11:15:59","date_gmt":"2019-06-16T11:15:59","guid":{"rendered":"https:\/\/www.kulttuurikolari.fi\/?page_id=452"},"modified":"2019-06-27T05:54:33","modified_gmt":"2019-06-27T05:54:33","slug":"rohki-hya-sirkus","status":"publish","type":"page","link":"https:\/\/www.kulttuurikolari.fi\/?page_id=452","title":{"rendered":"Rohki Hy\u00e4 Sirkus"},"content":{"rendered":"\n<div class=\"wp-block-cover aligncenter has-background-dim\" style=\"background-image:url(https:\/\/www.kulttuurikolari.fi\/wp-content\/uploads\/2019\/05\/kolari_kes\u00e4kolari-32.jpg);background-position:56.00000000000001% 33.582089552238806%\"><div class=\"wp-block-cover__inner-container is-layout-flow wp-block-cover-is-layout-flow\">\n<p style=\"text-align:center\" class=\"has-large-font-size\">Rohki Hy\u00e4 Sirkus<\/p>\n<\/div><\/div>\n\n\n\n<h2 class=\"wp-block-heading\">Sunnuntai 30.6<\/h2>\n\n\n\n<h4 class=\"wp-block-heading\">Kello: 15.00 KulttuuriKolarin sirkusspektaakkelissa<br>Paikka: Lukion juhlasali<br>Kolarin lukio, Jokijalantie 43, 95900 Kolari <\/h4>\n\n\n\n<p>Kolarin paikallinen Rohki Hy\u00e4 sirkus esiintyy KulttuuriKolarin sirkuspektaakkelissa, joka alkaa kello 15. Samassa sirkusspektaakkelissa esiintyy my\u00f6s ammattisirkusryhm\u00e4. Tarkemmat tiedot paikasta p\u00e4ivitet\u00e4\u00e4n my\u00f6hemmin. <\/p>\n\n\n\n<p class=\"has-text-color has-vivid-cyan-blue-color\"><a href=\"https:\/\/rohkihyasirkus.fi\/\">Tutustu kolarilaiseen Rohki Hy\u00e4 Sirkus Ry:hyn heid\u00e4n verkkosivuillaan<\/a><\/p>\n\n\n\n<div class=\"wp-block-image\"><figure class=\"aligncenter is-resized\"><img loading=\"lazy\" decoding=\"async\" src=\"https:\/\/www.kulttuurikolari.fi\/wp-content\/uploads\/2019\/05\/kolari_kes\u00e4kolari-30-1024x683.jpg\" alt=\"\" class=\"wp-image-81\" width=\"1024\" height=\"683\" srcset=\"https:\/\/www.kulttuurikolari.fi\/wp-content\/uploads\/2019\/05\/kolari_kes\u00e4kolari-30-1024x683.jpg 1024w, https:\/\/www.kulttuurikolari.fi\/wp-content\/uploads\/2019\/05\/kolari_kes\u00e4kolari-30-300x200.jpg 300w, https:\/\/www.kulttuurikolari.fi\/wp-content\/uploads\/2019\/05\/kolari_kes\u00e4kolari-30-768x512.jpg 768w\" sizes=\"auto, (max-width: 1024px) 100vw, 1024px\" \/><figcaption>Rohki Hy\u00e4 Sirkus KulttuuriKolarissa 2018<\/figcaption><\/figure><\/div>\n\n\n\n<div class=\"wp-block-image\"><figure class=\"aligncenter is-resized\"><img loading=\"lazy\" decoding=\"async\" src=\"https:\/\/www.kulttuurikolari.fi\/wp-content\/uploads\/2019\/05\/kolari_kes\u00e4kolari-33-1024x683.jpg\" alt=\"\" class=\"wp-image-82\" width=\"1024\" height=\"683\" srcset=\"https:\/\/www.kulttuurikolari.fi\/wp-content\/uploads\/2019\/05\/kolari_kes\u00e4kolari-33-1024x683.jpg 1024w, https:\/\/www.kulttuurikolari.fi\/wp-content\/uploads\/2019\/05\/kolari_kes\u00e4kolari-33-300x200.jpg 300w, https:\/\/www.kulttuurikolari.fi\/wp-content\/uploads\/2019\/05\/kolari_kes\u00e4kolari-33-768x512.jpg 768w\" sizes=\"auto, (max-width: 1024px) 100vw, 1024px\" \/><figcaption> Rohki Hy\u00e4 Sirkus KulttuuriKolarissa 2018 <\/figcaption><\/figure><\/div>\n","protected":false},"excerpt":{"rendered":"<p>Sunnuntai 30.6 Kello: 15.00 KulttuuriKolarin sirkusspektaakkelissaPaikka: Lukion juhlasaliKolarin lukio, Jokijalantie 43, 95900 Kolari Kolarin paikallinen Rohki Hy\u00e4 sirkus esiintyy KulttuuriKolarin sirkuspektaakkelissa, joka alkaa kello 15. Samassa sirkusspektaakkelissa esiintyy my\u00f6s ammattisirkusryhm\u00e4. Tarkemmat tiedot paikasta p\u00e4ivitet\u00e4\u00e4n my\u00f6hemmin. Tutustu kolarilaiseen Rohki Hy\u00e4 Sirkus Ry:hyn heid\u00e4n verkkosivuillaan<\/p>\n","protected":false},"author":2,"featured_media":0,"parent":0,"menu_order":0,"comment_status":"closed","ping_status":"closed","template":"","meta":{"footnotes":""},"class_list":["post-452","page","type-page","status-publish"],"_links":{"self":[{"href":"https:\/\/www.kulttuurikolari.fi\/index.php?rest_route=\/wp\/v2\/pages\/452","targetHints":{"allow":["GET"]}}],"collection":[{"href":"https:\/\/www.kulttuurikolari.fi\/index.php?rest_route=\/wp\/v2\/pages"}],"about":[{"href":"https:\/\/www.kulttuurikolari.fi\/index.php?rest_route=\/wp\/v2\/types\/page"}],"author":[{"embeddable":true,"href":"https:\/\/www.kulttuurikolari.fi\/index.php?rest_route=\/wp\/v2\/users\/2"}],"replies":[{"embeddable":true,"href":"https:\/\/www.kulttuurikolari.fi\/index.php?rest_route=%2Fwp%2Fv2%2Fcomments&post=452"}],"version-history":[{"count":8,"href":"https:\/\/www.kulttuurikolari.fi\/index.php?rest_route=\/wp\/v2\/pages\/452\/revisions"}],"predecessor-version":[{"id":932,"href":"https:\/\/www.kulttuurikolari.fi\/index.php?rest_route=\/wp\/v2\/pages\/452\/revisions\/932"}],"wp:attachment":[{"href":"https:\/\/www.kulttuurikolari.fi\/index.php?rest_route=%2Fwp%2Fv2%2Fmedia&parent=452"}],"curies":[{"name":"wp","href":"https:\/\/api.w.org\/{rel}","templated":true}]}}