{"id":458,"date":"2019-06-16T11:13:10","date_gmt":"2019-06-16T11:13:10","guid":{"rendered":"https:\/\/www.kulttuurikolari.fi\/?page_id=458"},"modified":"2019-06-27T05:53:35","modified_gmt":"2019-06-27T05:53:35","slug":"anybody-absent-kerran-unessa","status":"publish","type":"page","link":"https:\/\/www.kulttuurikolari.fi\/?page_id=458","title":{"rendered":"Anybody Absent: Kerran unessa"},"content":{"rendered":"\n<div class=\"wp-block-cover has-background-dim\" style=\"background-image:url(https:\/\/www.kulttuurikolari.fi\/wp-content\/uploads\/2019\/06\/pasted-image-0-1.jpg);background-position:42.94117647058823% 0%\"><div class=\"wp-block-cover__inner-container is-layout-flow wp-block-cover-is-layout-flow\">\n<p style=\"text-align:center\" class=\"has-large-font-size\">Anybody Absent: Kerran unessa<\/p>\n<\/div><\/div>\n\n\n\n<h3 class=\"wp-block-heading\">Sunnuntai 30.6<\/h3>\n\n\n\n<h4 class=\"wp-block-heading\">KultuuriKolarin sirkusspektaakkelissa, joka alkaa kello 15.00<br>Paikka: Lukion juhlasali<br>Kolarin lukio, Jokijalantie 43, 95900 Kolari<\/h4>\n\n\n\n<p>Anybody Absent! on musiikkiteatteriartisti Juuli Hyttinen ja sirkustaiteilija Milla Kurosen duo, jonka n\u00e4ht\u00e4v\u00e4ss\u00e4 teoksessa Kerran unessa yhdistyv\u00e4t musiikkiteatteri ja sirkus. Esityksen teemana on unissa k\u00e4vely ja esitett\u00e4v\u00e4t tapahtumat perustuvat todellisiin tilanteisiin viimeisen 10 vuoden ajalta. Koe ja h\u00e4mm\u00e4sty!<\/p>\n\n\n\n<p><strong>Anybody Absent<\/strong> on r\u00e4iskyv\u00e4 parivaljakko Milla Kurronen ja Juuli Hyttinen, joka haastaa toisiaan niin lavalla kuin tosiel\u00e4m\u00e4ss\u00e4kin. He k\u00e4ytt\u00e4v\u00e4t sirkusta ja musiikkiteatteria rohkeasti yhdess\u00e4 luodessaan fyysist\u00e4 nykyteatteria.<\/p>\n\n\n\n<p>\u201cKerran unessa\u201d kertoo artistien yhteisist\u00e4 kokemuksista Milla Kurrosen vuosia jatkuneesta unissak\u00e4velyst\u00e4. Unissak\u00e4velij\u00e4 el\u00e4\u00e4 untaan todeksi ja n\u00e4in paikalla olevat henkil\u00f6t tulevat tahtomattaan osaksi t\u00e4t\u00e4 maailmaa. Unissak\u00e4velij\u00e4 on toimissaan fyysisesti taitava, mutta eritt\u00e4in ep\u00e4johdonmukainen jos tilannetta seuraa hereilt\u00e4 k\u00e4sin. Juuli Hyttisen kokemukset kommunikoinnista unissak\u00e4velij\u00e4n kanssa ovat her\u00e4tt\u00e4neet kuulijoissa riemua, kauhua ja ep\u00e4uskoista p\u00e4\u00e4n pudistelua. Anybody Absent haluaa tavoittaa n\u00e4itten surrealististen hetkien kauneuden ja tuoda lavalle hetki\u00e4 y\u00f6n laidoilta, kahta eri taiteenlajia kokeilunhaluisesti yhdistellen. \u00a0<\/p>\n\n\n\n<p>Kerran unessa on esitetty vuoden 2018 aikana Race Horse Company 10th Anniversary festareilla Suvilahdessa ,Teatteri Universumin &#8221;Nuoria Vieraita&#8221; illassa Helsingiss\u00e4,Sirkus Faktorin &#8221;Kaamos Kinkerit&#8221; tapahtumassa Tampereella sek\u00e4 Sirkus Siriuksella Jokelassa. <\/p>\n\n\n\n<p>Anybody Absent -esitys n\u00e4hd\u00e4\u00e4n osana KulttuuriKolarin sirkusspektaakkelia, jossa esiintyy Anybody Absentin lis\u00e4ksi kolarilainen <br><a href=\"https:\/\/www.kulttuurikolari.fi\/?page_id=452&amp;preview=true\">Rohki Hy\u00e4 Sirkus.<\/a><\/p>\n\n\n\n<figure class=\"wp-block-embed-vimeo wp-block-embed is-type-video is-provider-vimeo wp-embed-aspect-16-9 wp-has-aspect-ratio\"><div class=\"wp-block-embed__wrapper\">\n<iframe loading=\"lazy\" title=\"Anybody Absent - Kerran Unessa\" src=\"https:\/\/player.vimeo.com\/video\/312585884?dnt=1&#038;app_id=122963\" width=\"800\" height=\"450\" frameborder=\"0\" allow=\"autoplay; fullscreen\" allowfullscreen><\/iframe>\n<\/div><\/figure>\n\n\n\n<div class=\"wp-block-image\"><figure class=\"aligncenter is-resized\"><img loading=\"lazy\" decoding=\"async\" src=\"https:\/\/www.kulttuurikolari.fi\/wp-content\/uploads\/2019\/06\/Kerran-unessa-1024x682.jpg\" alt=\"\" class=\"wp-image-657\" width=\"1024\" height=\"682\" srcset=\"https:\/\/www.kulttuurikolari.fi\/wp-content\/uploads\/2019\/06\/Kerran-unessa-1024x682.jpg 1024w, https:\/\/www.kulttuurikolari.fi\/wp-content\/uploads\/2019\/06\/Kerran-unessa-300x200.jpg 300w, https:\/\/www.kulttuurikolari.fi\/wp-content\/uploads\/2019\/06\/Kerran-unessa-768x512.jpg 768w, https:\/\/www.kulttuurikolari.fi\/wp-content\/uploads\/2019\/06\/Kerran-unessa.jpg 1712w\" sizes=\"auto, (max-width: 1024px) 100vw, 1024px\" \/><\/figure><\/div>\n\n\n\n<div class=\"wp-block-image\"><figure class=\"aligncenter is-resized\"><img loading=\"lazy\" decoding=\"async\" src=\"https:\/\/www.kulttuurikolari.fi\/wp-content\/uploads\/2019\/06\/pasted-image-0-1.jpg\" alt=\"\" class=\"wp-image-456\" width=\"640\" height=\"640\" srcset=\"https:\/\/www.kulttuurikolari.fi\/wp-content\/uploads\/2019\/06\/pasted-image-0-1.jpg 640w, https:\/\/www.kulttuurikolari.fi\/wp-content\/uploads\/2019\/06\/pasted-image-0-1-150x150.jpg 150w, https:\/\/www.kulttuurikolari.fi\/wp-content\/uploads\/2019\/06\/pasted-image-0-1-300x300.jpg 300w\" sizes=\"auto, (max-width: 640px) 100vw, 640px\" \/><figcaption> Kuvissa musiikkiteatteriartisti Juuli Hyttinen, sek\u00e4 sirkustaiteilija Milla Kuronen<\/figcaption><\/figure><\/div>\n","protected":false},"excerpt":{"rendered":"<p>Sunnuntai 30.6 KultuuriKolarin sirkusspektaakkelissa, joka alkaa kello 15.00Paikka: Lukion juhlasaliKolarin lukio, Jokijalantie 43, 95900 Kolari Anybody Absent! on musiikkiteatteriartisti Juuli Hyttinen ja sirkustaiteilija Milla Kurosen duo, jonka n\u00e4ht\u00e4v\u00e4ss\u00e4 teoksessa Kerran unessa yhdistyv\u00e4t musiikkiteatteri ja sirkus. Esityksen teemana on unissa k\u00e4vely ja esitett\u00e4v\u00e4t tapahtumat perustuvat todellisiin tilanteisiin viimeisen 10 vuoden ajalta. Koe ja h\u00e4mm\u00e4sty! Anybody Absent on r\u00e4iskyv\u00e4 parivaljakko Milla Kurronen ja Juuli Hyttinen, joka haastaa toisiaan niin lavalla kuin tosiel\u00e4m\u00e4ss\u00e4kin. He k\u00e4ytt\u00e4v\u00e4t sirkusta ja musiikkiteatteria rohkeasti yhdess\u00e4 luodessaan fyysist\u00e4 nykyteatteria. \u201cKerran unessa\u201d kertoo artistien yhteisist\u00e4 kokemuksista Milla Kurrosen vuosia jatkuneesta unissak\u00e4velyst\u00e4. Unissak\u00e4velij\u00e4 el\u00e4\u00e4 untaan todeksi ja n\u00e4in paikalla olevat henkil\u00f6t tulevat tahtomattaan osaksi t\u00e4t\u00e4 maailmaa. Unissak\u00e4velij\u00e4 on toimissaan fyysisesti taitava, mutta eritt\u00e4in ep\u00e4johdonmukainen jos tilannetta seuraa hereilt\u00e4 k\u00e4sin. Juuli Hyttisen kokemukset kommunikoinnista unissak\u00e4velij\u00e4n kanssa ovat her\u00e4tt\u00e4neet kuulijoissa riemua, kauhua ja ep\u00e4uskoista p\u00e4\u00e4n pudistelua. Anybody Absent haluaa tavoittaa n\u00e4itten surrealististen hetkien kauneuden ja tuoda lavalle hetki\u00e4 y\u00f6n laidoilta, kahta eri taiteenlajia&hellip;<\/p>\n<p> <a class=\"more-link\" href=\"https:\/\/www.kulttuurikolari.fi\/?page_id=458\">Lue Lis\u00e4\u00e4<\/a><\/p>\n","protected":false},"author":2,"featured_media":0,"parent":0,"menu_order":0,"comment_status":"closed","ping_status":"closed","template":"","meta":{"footnotes":""},"class_list":["post-458","page","type-page","status-publish"],"_links":{"self":[{"href":"https:\/\/www.kulttuurikolari.fi\/index.php?rest_route=\/wp\/v2\/pages\/458","targetHints":{"allow":["GET"]}}],"collection":[{"href":"https:\/\/www.kulttuurikolari.fi\/index.php?rest_route=\/wp\/v2\/pages"}],"about":[{"href":"https:\/\/www.kulttuurikolari.fi\/index.php?rest_route=\/wp\/v2\/types\/page"}],"author":[{"embeddable":true,"href":"https:\/\/www.kulttuurikolari.fi\/index.php?rest_route=\/wp\/v2\/users\/2"}],"replies":[{"embeddable":true,"href":"https:\/\/www.kulttuurikolari.fi\/index.php?rest_route=%2Fwp%2Fv2%2Fcomments&post=458"}],"version-history":[{"count":15,"href":"https:\/\/www.kulttuurikolari.fi\/index.php?rest_route=\/wp\/v2\/pages\/458\/revisions"}],"predecessor-version":[{"id":930,"href":"https:\/\/www.kulttuurikolari.fi\/index.php?rest_route=\/wp\/v2\/pages\/458\/revisions\/930"}],"wp:attachment":[{"href":"https:\/\/www.kulttuurikolari.fi\/index.php?rest_route=%2Fwp%2Fv2%2Fmedia&parent=458"}],"curies":[{"name":"wp","href":"https:\/\/api.w.org\/{rel}","templated":true}]}}