{"id":466,"date":"2019-06-16T11:16:16","date_gmt":"2019-06-16T11:16:16","guid":{"rendered":"https:\/\/www.kulttuurikolari.fi\/?page_id=466"},"modified":"2019-06-21T11:53:40","modified_gmt":"2019-06-21T11:53:40","slug":"taiteilijatapaaminen-essi-korvan-kanssa","status":"publish","type":"page","link":"https:\/\/www.kulttuurikolari.fi\/?page_id=466","title":{"rendered":"Taiteilijatapaaminen  Essi Korvan kanssa"},"content":{"rendered":"\n<div class=\"wp-block-cover has-background-dim\" style=\"background-image:url(https:\/\/www.kulttuurikolari.fi\/wp-content\/uploads\/2019\/06\/pasted-image-0-2.jpg);background-position:42.10526315789473% 81.76470588235294%\"><div class=\"wp-block-cover__inner-container is-layout-flow wp-block-cover-is-layout-flow\">\n<p style=\"text-align:center\" class=\"has-large-font-size\">Taiteilijatapaaminen &nbsp;Essi Korvan kanssa Willa Korvassa Sammalvaarassa<\/p>\n<\/div><\/div>\n\n\n\n<h2 class=\"wp-block-heading\">Sunnuntai 30.6<\/h2>\n\n\n\n<div class=\"wp-block-image\"><figure class=\"alignright is-resized\"><img loading=\"lazy\" decoding=\"async\" src=\"https:\/\/www.kulttuurikolari.fi\/wp-content\/uploads\/2019\/06\/Essi-Korva.jpg\" alt=\"\" class=\"wp-image-649\" width=\"348\" height=\"464\" srcset=\"https:\/\/www.kulttuurikolari.fi\/wp-content\/uploads\/2019\/06\/Essi-Korva.jpg 348w, https:\/\/www.kulttuurikolari.fi\/wp-content\/uploads\/2019\/06\/Essi-Korva-225x300.jpg 225w\" sizes=\"auto, (max-width: 348px) 100vw, 348px\" \/><\/figure><\/div>\n\n\n\n<h4 class=\"wp-block-heading\">Kello: 17.00. Ilmainen linja-auto kuljetus kello 16.30<br>Paikka: Willa Korva, Sammalvaara<\/h4>\n\n\n\n<p>Essi Korva on kuvanveist\u00e4j\u00e4, jonka veistokset perustuvat h\u00e4nen kokemuksiinsa maailmasta. Korva pyrkii vangitsemaan teoksiinsa aitoa tunnetta. Tunteiden muotokuvina toimivien veistoksien aiheina ovat muun muassa pelot ja yksin\u00e4isyys, joiden k\u00e4sittelemiseen Lapin karun kaunis ymp\u00e4rist\u00f6 tarjoaa loistavat puitteet. Korva on osallistunut monien n\u00e4yttelyiden lis\u00e4ksi my\u00f6s veisto- ja taidetapahtumiin niin Suomessa, kuin kansainv\u00e4lisesti.<\/p>\n\n\n\n<p>Essi Korva (s.1985) valmistui Lahden Ammattikorkeakoulusta Taideinstituutista vuonna 2010. H\u00e4n ty\u00f6skentelee useilla eri materiaaleilla k\u00e4ytt\u00e4en muun muassa puuta, sementti\u00e4, kipsi\u00e4, hiuksia, savea tai mit\u00e4 tahansa materiaaleja teoksissaan. Loppujenlopuksi materiaali itsess\u00e4\u00e4n ei ole olennaista h\u00e4nen t\u00f6iss\u00e4\u00e4n, vaan tunteet, jotka h\u00e4n yritt\u00e4\u00e4 vangita teoksiinsa. H\u00e4nen veistoksensa ovat tunteiden muotokuvia<\/p>\n\n\n\n<p><strong>Willa Korva<\/strong><\/p>\n\n\n\n<p>Taiteilijaresidenssi &nbsp;Willa Korva sijaitsee Sammalvaarassa Kolarissa, L\u00e4nsi-Lapissa. Talo on rakennettu aikoinaan kyl\u00e4kouluksi vuonna 1957. Vuosien aikana se on palvellut ala-asteena, kotina ja majoituspalveluna. Nyt talo on kuvanveist\u00e4j\u00e4 Essi Korvan ty\u00f6huone, koti ja taiteilijaresidenssi. <\/p>\n\n\n\n<p>Talossa on paljon entisi\u00e4 luokkatiloja ja opettajien vanhat asunnot, jotka toimivat nyt majoitustiloina. Asunnot ovat kalustetut ja niiss\u00e4 on t\u00e4ysin varustetut keitti\u00f6t ja vessat. Suihku ja saunatilat ovat yhteiset ja sijaitsevat kellarikerroksessa. <\/p>\n\n\n\n<p>Talossa asuu my\u00f6s Essin koira ja 3 kissaa.<\/p>\n\n\n\n<p>Tapahtumaan j\u00e4rjestet\u00e4\u00e4n linja-autokuljetus klo 16.30 Jokijalka 65:n edest\u00e4.<\/p>\n\n\n\n<p class=\"has-text-color has-vivid-cyan-blue-color\"><a href=\"http:\/\/www.essikorva.com\/essi_korva\/Front_page.html\">Lis\u00e4tietoa Essi Korvasta l\u00f6yd\u00e4t h\u00e4nen omilta verkkosivuiltaan.<\/a><\/p>\n\n\n\n<div class=\"wp-block-image\"><figure class=\"aligncenter\"><img decoding=\"async\" src=\"https:\/\/lh4.googleusercontent.com\/XhepicP6hdM0NSh4pB0_raP6FP4T_lTvyQPs1tERN5p4PYLWu8C1bMjvFRLfErHwaLbXNg5pHitHLQEnEWzHev8N7amC1kfrFTjha1R69qh277NGx_0g1H9ehhpz_5rUci1WbbOZ\" alt=\"\"\/><\/figure><\/div>\n","protected":false},"excerpt":{"rendered":"<p>Sunnuntai 30.6 Kello: 17.00. Ilmainen linja-auto kuljetus kello 16.30Paikka: Willa Korva, Sammalvaara Essi Korva on kuvanveist\u00e4j\u00e4, jonka veistokset perustuvat h\u00e4nen kokemuksiinsa maailmasta. Korva pyrkii vangitsemaan teoksiinsa aitoa tunnetta. Tunteiden muotokuvina toimivien veistoksien aiheina ovat muun muassa pelot ja yksin\u00e4isyys, joiden k\u00e4sittelemiseen Lapin karun kaunis ymp\u00e4rist\u00f6 tarjoaa loistavat puitteet. Korva on osallistunut monien n\u00e4yttelyiden lis\u00e4ksi my\u00f6s veisto- ja taidetapahtumiin niin Suomessa, kuin kansainv\u00e4lisesti. Essi Korva (s.1985) valmistui Lahden Ammattikorkeakoulusta Taideinstituutista vuonna 2010. H\u00e4n ty\u00f6skentelee useilla eri materiaaleilla k\u00e4ytt\u00e4en muun muassa puuta, sementti\u00e4, kipsi\u00e4, hiuksia, savea tai mit\u00e4 tahansa materiaaleja teoksissaan. Loppujenlopuksi materiaali itsess\u00e4\u00e4n ei ole olennaista h\u00e4nen t\u00f6iss\u00e4\u00e4n, vaan tunteet, jotka h\u00e4n yritt\u00e4\u00e4 vangita teoksiinsa. H\u00e4nen veistoksensa ovat tunteiden muotokuvia Willa Korva Taiteilijaresidenssi &nbsp;Willa Korva sijaitsee Sammalvaarassa Kolarissa, L\u00e4nsi-Lapissa. Talo on rakennettu aikoinaan kyl\u00e4kouluksi vuonna 1957. Vuosien aikana se on palvellut ala-asteena, kotina ja majoituspalveluna. Nyt talo on kuvanveist\u00e4j\u00e4 Essi Korvan ty\u00f6huone, koti ja taiteilijaresidenssi. Talossa on paljon entisi\u00e4 luokkatiloja ja&hellip;<\/p>\n<p> <a class=\"more-link\" href=\"https:\/\/www.kulttuurikolari.fi\/?page_id=466\">Lue Lis\u00e4\u00e4<\/a><\/p>\n","protected":false},"author":2,"featured_media":0,"parent":0,"menu_order":0,"comment_status":"closed","ping_status":"closed","template":"","meta":{"footnotes":""},"class_list":["post-466","page","type-page","status-publish"],"_links":{"self":[{"href":"https:\/\/www.kulttuurikolari.fi\/index.php?rest_route=\/wp\/v2\/pages\/466","targetHints":{"allow":["GET"]}}],"collection":[{"href":"https:\/\/www.kulttuurikolari.fi\/index.php?rest_route=\/wp\/v2\/pages"}],"about":[{"href":"https:\/\/www.kulttuurikolari.fi\/index.php?rest_route=\/wp\/v2\/types\/page"}],"author":[{"embeddable":true,"href":"https:\/\/www.kulttuurikolari.fi\/index.php?rest_route=\/wp\/v2\/users\/2"}],"replies":[{"embeddable":true,"href":"https:\/\/www.kulttuurikolari.fi\/index.php?rest_route=%2Fwp%2Fv2%2Fcomments&post=466"}],"version-history":[{"count":18,"href":"https:\/\/www.kulttuurikolari.fi\/index.php?rest_route=\/wp\/v2\/pages\/466\/revisions"}],"predecessor-version":[{"id":826,"href":"https:\/\/www.kulttuurikolari.fi\/index.php?rest_route=\/wp\/v2\/pages\/466\/revisions\/826"}],"wp:attachment":[{"href":"https:\/\/www.kulttuurikolari.fi\/index.php?rest_route=%2Fwp%2Fv2%2Fmedia&parent=466"}],"curies":[{"name":"wp","href":"https:\/\/api.w.org\/{rel}","templated":true}]}}