{"id":524,"date":"2019-06-16T11:16:36","date_gmt":"2019-06-16T11:16:36","guid":{"rendered":"https:\/\/www.kulttuurikolari.fi\/?page_id=524"},"modified":"2019-06-21T11:54:35","modified_gmt":"2019-06-21T11:54:35","slug":"willa-korvan-avoimet-ovet-sammalvaarassa","status":"publish","type":"page","link":"https:\/\/www.kulttuurikolari.fi\/?page_id=524","title":{"rendered":"Willa Korvan avoimet ovet Sammalvaarassa"},"content":{"rendered":"\n<div class=\"wp-block-cover has-background-dim\" style=\"background-image:url(https:\/\/www.kulttuurikolari.fi\/wp-content\/uploads\/2019\/06\/pasted-image-0-2.jpg);background-position:43.859649122807014% 78.82352941176471%\"><div class=\"wp-block-cover__inner-container is-layout-flow wp-block-cover-is-layout-flow\">\n<p style=\"text-align:center\" class=\"has-large-font-size\">Willa Korvan avoimet ovet Sammalvaarassa<\/p>\n<\/div><\/div>\n\n\n\n<h2 class=\"wp-block-heading\">Maanantai 1.7. ja tiistai 2.7<\/h2>\n\n\n\n<h4 class=\"wp-block-heading\"><strong>Kello 10\u201318<\/strong><br>Willa Korva, Sammalvaara<\/h4>\n\n\n\n<p class=\"has-text-color has-very-dark-gray-color\">Willa Korva on Kolarin Sammalvaarassa sijaitseva taiteilijaresidenssi. Talo on toiminut aikanaan niin kouluna, kotina, kuin majapaikan tarjoajana. Nykyp\u00e4iv\u00e4n\u00e4 Willa Korva toimii taiteilija Essi Korvan asuinpaikkana ja ty\u00f6huoneena! Mielenkiintoisen residenssist\u00e4 tekev\u00e4t entiset luokkatilat. Korvan lis\u00e4ksi talossa asustelee yksi koira ja kolme kissaa. Katso lis\u00e4tietoa ja kuvia Willa Korvasta<a href=\"http:\/\/www.essikorva.com\/essi_korva\/Artist_Residency_Willa_Korva.html\"> Essi Korvan verkkosivuilta t\u00e4\u00e4lt\u00e4.<\/a><\/p>\n\n\n\n<p>Willa Korvan sijainnin kartalla l\u00f6yd\u00e4t&nbsp;<a href=\"https:\/\/www.google.com\/maps\/place\/Willa+Korva\/@67.0417624,23.4674344,9z\/data=!4m5!3m4!1s0x45d4794bdab5d24b:0x24b7be5d7585d1dd!8m2!3d67.0414323!4d24.0277638\">t\u00e4\u00e4lt\u00e4.<\/a> <\/p>\n\n\n\n<p><\/p>\n\n\n\n<div class=\"wp-block-image\"><figure class=\"aligncenter\"><img loading=\"lazy\" decoding=\"async\" width=\"500\" height=\"750\" src=\"https:\/\/www.kulttuurikolari.fi\/wp-content\/uploads\/2019\/06\/pasted-image-0-2.jpg\" alt=\"\" class=\"wp-image-465\" srcset=\"https:\/\/www.kulttuurikolari.fi\/wp-content\/uploads\/2019\/06\/pasted-image-0-2.jpg 500w, https:\/\/www.kulttuurikolari.fi\/wp-content\/uploads\/2019\/06\/pasted-image-0-2-200x300.jpg 200w\" sizes=\"auto, (max-width: 500px) 100vw, 500px\" \/><figcaption>Essi Korva<\/figcaption><\/figure><\/div>\n","protected":false},"excerpt":{"rendered":"<p>Maanantai 1.7. ja tiistai 2.7 Kello 10\u201318Willa Korva, Sammalvaara Willa Korva on Kolarin Sammalvaarassa sijaitseva taiteilijaresidenssi. Talo on toiminut aikanaan niin kouluna, kotina, kuin majapaikan tarjoajana. Nykyp\u00e4iv\u00e4n\u00e4 Willa Korva toimii taiteilija Essi Korvan asuinpaikkana ja ty\u00f6huoneena! Mielenkiintoisen residenssist\u00e4 tekev\u00e4t entiset luokkatilat. Korvan lis\u00e4ksi talossa asustelee yksi koira ja kolme kissaa. Katso lis\u00e4tietoa ja kuvia Willa Korvasta Essi Korvan verkkosivuilta t\u00e4\u00e4lt\u00e4. Willa Korvan sijainnin kartalla l\u00f6yd\u00e4t&nbsp;t\u00e4\u00e4lt\u00e4.<\/p>\n","protected":false},"author":2,"featured_media":0,"parent":0,"menu_order":0,"comment_status":"closed","ping_status":"closed","template":"","meta":{"footnotes":""},"class_list":["post-524","page","type-page","status-publish"],"_links":{"self":[{"href":"https:\/\/www.kulttuurikolari.fi\/index.php?rest_route=\/wp\/v2\/pages\/524","targetHints":{"allow":["GET"]}}],"collection":[{"href":"https:\/\/www.kulttuurikolari.fi\/index.php?rest_route=\/wp\/v2\/pages"}],"about":[{"href":"https:\/\/www.kulttuurikolari.fi\/index.php?rest_route=\/wp\/v2\/types\/page"}],"author":[{"embeddable":true,"href":"https:\/\/www.kulttuurikolari.fi\/index.php?rest_route=\/wp\/v2\/users\/2"}],"replies":[{"embeddable":true,"href":"https:\/\/www.kulttuurikolari.fi\/index.php?rest_route=%2Fwp%2Fv2%2Fcomments&post=524"}],"version-history":[{"count":13,"href":"https:\/\/www.kulttuurikolari.fi\/index.php?rest_route=\/wp\/v2\/pages\/524\/revisions"}],"predecessor-version":[{"id":830,"href":"https:\/\/www.kulttuurikolari.fi\/index.php?rest_route=\/wp\/v2\/pages\/524\/revisions\/830"}],"wp:attachment":[{"href":"https:\/\/www.kulttuurikolari.fi\/index.php?rest_route=%2Fwp%2Fv2%2Fmedia&parent=524"}],"curies":[{"name":"wp","href":"https:\/\/api.w.org\/{rel}","templated":true}]}}