{"id":756,"date":"2019-06-18T12:10:52","date_gmt":"2019-06-18T12:10:52","guid":{"rendered":"https:\/\/www.kulttuurikolari.fi\/?page_id=756"},"modified":"2019-06-18T12:10:53","modified_gmt":"2019-06-18T12:10:53","slug":"vapaamuotoista-illanviettoa-perjantai","status":"publish","type":"page","link":"https:\/\/www.kulttuurikolari.fi\/?page_id=756","title":{"rendered":"Vapaamuotoista illanviettoa perjantai"},"content":{"rendered":"\n<div class=\"wp-block-cover has-background-dim\" style=\"background-image:url(https:\/\/www.kulttuurikolari.fi\/wp-content\/uploads\/2019\/06\/My-Post-10.png)\"><div class=\"wp-block-cover__inner-container is-layout-flow wp-block-cover-is-layout-flow\">\n<p style=\"text-align:center\" class=\"has-large-font-size\">Vapaamuotoista illanviettoa KulttuuriKolarin tapaan<\/p>\n<\/div><\/div>\n\n\n\n<h3 class=\"wp-block-heading\">Perjantaina 28.6.<\/h3>\n\n\n\n<p>KulttuuriKolarin perjantai huipentuu taiteelliseen illanviettoon, kun Mr. Moart &amp; Co. -musiikkikollektiivi ja lavarunoilija Inka Iki-Ihana p\u00e4\u00e4sev\u00e4t lavalle. Tutustu illan ohjelmanumeroihin tarkemmin:<\/p>\n\n\n\n<p class=\"has-text-color has-vivid-cyan-blue-color\"><a href=\"https:\/\/www.kulttuurikolari.fi\/?page_id=379\">Lue lis\u00e4\u00e4 Mr. Moart &amp; Co. -musiikkikollektiivin esityksest\u00e4<\/a><br><a href=\"https:\/\/www.kulttuurikolari.fi\/?page_id=749\">Tutustu lavarunoilija Inka Iki-Ihanaan<\/a><br><br><\/p>\n\n\n\n<div class=\"wp-block-image\"><figure class=\"aligncenter\"><img loading=\"lazy\" decoding=\"async\" width=\"683\" height=\"1024\" src=\"https:\/\/www.kulttuurikolari.fi\/wp-content\/uploads\/2019\/06\/IMG_0023-683x1024.jpg\" alt=\"\" class=\"wp-image-758\" srcset=\"https:\/\/www.kulttuurikolari.fi\/wp-content\/uploads\/2019\/06\/IMG_0023-683x1024.jpg 683w, https:\/\/www.kulttuurikolari.fi\/wp-content\/uploads\/2019\/06\/IMG_0023-200x300.jpg 200w, https:\/\/www.kulttuurikolari.fi\/wp-content\/uploads\/2019\/06\/IMG_0023-768x1152.jpg 768w, https:\/\/www.kulttuurikolari.fi\/wp-content\/uploads\/2019\/06\/IMG_0023.jpg 1120w\" sizes=\"auto, (max-width: 683px) 100vw, 683px\" \/><figcaption>Kuvassa Mr. Moart &amp; Co. musiikkikollektiivin j\u00e4sen Arto Moisala<\/figcaption><\/figure><\/div>\n","protected":false},"excerpt":{"rendered":"<p>Perjantaina 28.6. KulttuuriKolarin perjantai huipentuu taiteelliseen illanviettoon, kun Mr. Moart &amp; Co. -musiikkikollektiivi ja lavarunoilija Inka Iki-Ihana p\u00e4\u00e4sev\u00e4t lavalle. Tutustu illan ohjelmanumeroihin tarkemmin: Lue lis\u00e4\u00e4 Mr. Moart &amp; Co. -musiikkikollektiivin esityksest\u00e4Tutustu lavarunoilija Inka Iki-Ihanaan<\/p>\n","protected":false},"author":2,"featured_media":0,"parent":0,"menu_order":0,"comment_status":"closed","ping_status":"closed","template":"","meta":{"footnotes":""},"class_list":["post-756","page","type-page","status-publish"],"_links":{"self":[{"href":"https:\/\/www.kulttuurikolari.fi\/index.php?rest_route=\/wp\/v2\/pages\/756","targetHints":{"allow":["GET"]}}],"collection":[{"href":"https:\/\/www.kulttuurikolari.fi\/index.php?rest_route=\/wp\/v2\/pages"}],"about":[{"href":"https:\/\/www.kulttuurikolari.fi\/index.php?rest_route=\/wp\/v2\/types\/page"}],"author":[{"embeddable":true,"href":"https:\/\/www.kulttuurikolari.fi\/index.php?rest_route=\/wp\/v2\/users\/2"}],"replies":[{"embeddable":true,"href":"https:\/\/www.kulttuurikolari.fi\/index.php?rest_route=%2Fwp%2Fv2%2Fcomments&post=756"}],"version-history":[{"count":5,"href":"https:\/\/www.kulttuurikolari.fi\/index.php?rest_route=\/wp\/v2\/pages\/756\/revisions"}],"predecessor-version":[{"id":763,"href":"https:\/\/www.kulttuurikolari.fi\/index.php?rest_route=\/wp\/v2\/pages\/756\/revisions\/763"}],"wp:attachment":[{"href":"https:\/\/www.kulttuurikolari.fi\/index.php?rest_route=%2Fwp%2Fv2%2Fmedia&parent=756"}],"curies":[{"name":"wp","href":"https:\/\/api.w.org\/{rel}","templated":true}]}}